{"id":193,"date":"2023-03-29T16:13:19","date_gmt":"2023-03-29T16:13:19","guid":{"rendered":"https:\/\/gymgibox.teradisk.net\/?page_id=193"},"modified":"2023-03-29T16:15:35","modified_gmt":"2023-03-29T16:15:35","slug":"entrenaments-formatius","status":"publish","type":"page","link":"https:\/\/gymgibox.teradisk.net\/?page_id=193","title":{"rendered":"Entrenaments Formatius"},"content":{"rendered":"\n<figure class=\"wp-block-image size-full\"><img decoding=\"async\" src=\"https:\/\/gymgibox.teradisk.net\/wp-content\/uploads\/2023\/03\/maqueta-gymgi-vertical.png\" alt=\"\" class=\"wp-image-186\"\/><figcaption class=\"wp-element-caption\"><br><br><\/figcaption><\/figure>\n\n\n\n<p class=\"has-large-font-size\">L&#8217;activitat consisteix en sessions d&#8217;entrenaments complets, aprenent de forma pr\u00e0ctica i l\u00fadica les consignes b\u00e0siques per treure el m\u00e0xim profit a cada exercici i sessi\u00f3.<br>Les sessions es realitzaran o b\u00e9 els divendres tarda o els dissabtes mat\u00ed.<\/p>\n\n\n\n<p class=\"has-large-font-size\">Per inscriure&#8217;t omple amb les teves dades <a href=\"https:\/\/docs.google.com\/forms\/d\/e\/1FAIpQLSdyL8RElnp1QBTI5_7aYjtYulxupWJwddpDZ63_VM-tPQUy5A\/viewform\">l&#8217;enlla\u00e7 del q\u00fcestionari<\/a>.<\/p>\n\n\n\n<p class=\"has-large-font-size\">Aquesta inscripci\u00f3 quedar\u00e0 oberta com a \u00abborsa de demanda per a l&#8217;activitat\u00bb.&nbsp;<\/p>\n\n\n\n<p class=\"has-large-font-size\">En cas de molta demanda, l&#8217;ordre d&#8217;ingr\u00e9s es far\u00e0 segons n\u00fam. de soci actiu que no hagi fet l&#8217;activitat i s&#8217;apunti amb temps. En cas de poca demanda, s&#8217;esperar\u00e0 al fet que hi hagi prou socis interessats.<\/p>\n","protected":false},"excerpt":{"rendered":"<p>L&#8217;activitat consisteix en sessions d&#8217;entrenaments complets, aprenent de forma pr\u00e0ctica i l\u00fadica les consignes b\u00e0siques per treure el m\u00e0xim profit a cada exercici i sessi\u00f3.Les sessions es realitzaran o b\u00e9 [&hellip;]<\/p>\n","protected":false},"author":1,"featured_media":0,"parent":0,"menu_order":0,"comment_status":"closed","ping_status":"closed","template":"","meta":{"_EventAllDay":false,"_EventTimezone":"","_EventStartDate":"","_EventEndDate":"","_EventStartDateUTC":"","_EventEndDateUTC":"","_EventShowMap":false,"_EventShowMapLink":false,"_EventURL":"","_EventCost":"","_EventCostDescription":"","_EventCurrencySymbol":"","_EventCurrencyCode":"","_EventCurrencyPosition":"","_EventDateTimeSeparator":"","_EventTimeRangeSeparator":"","_EventOrganizerID":[],"_EventVenueID":0,"_OrganizerEmail":"","_OrganizerPhone":"","_OrganizerWebsite":"","_VenueAddress":"","_VenueCity":"","_VenueCountry":"","_VenueProvince":"","_VenueZip":"","_VenuePhone":"","_VenueURL":"","_VenueStateProvince":"","_VenueLat":"","_VenueLng":""},"_links":{"self":[{"href":"https:\/\/gymgibox.teradisk.net\/index.php?rest_route=\/wp\/v2\/pages\/193"}],"collection":[{"href":"https:\/\/gymgibox.teradisk.net\/index.php?rest_route=\/wp\/v2\/pages"}],"about":[{"href":"https:\/\/gymgibox.teradisk.net\/index.php?rest_route=\/wp\/v2\/types\/page"}],"author":[{"embeddable":true,"href":"https:\/\/gymgibox.teradisk.net\/index.php?rest_route=\/wp\/v2\/users\/1"}],"replies":[{"embeddable":true,"href":"https:\/\/gymgibox.teradisk.net\/index.php?rest_route=%2Fwp%2Fv2%2Fcomments&post=193"}],"version-history":[{"count":5,"href":"https:\/\/gymgibox.teradisk.net\/index.php?rest_route=\/wp\/v2\/pages\/193\/revisions"}],"predecessor-version":[{"id":199,"href":"https:\/\/gymgibox.teradisk.net\/index.php?rest_route=\/wp\/v2\/pages\/193\/revisions\/199"}],"wp:attachment":[{"href":"https:\/\/gymgibox.teradisk.net\/index.php?rest_route=%2Fwp%2Fv2%2Fmedia&parent=193"}],"curies":[{"name":"wp","href":"https:\/\/api.w.org\/{rel}","templated":true}]}}